*2 + b + 8. Determine i(-11).
-3
Let x(c) = c**3 - 53*c**2 + 4*c - 211. Determine x(53).
1
Let i(m) = 29*m - 30. Calculate i(0).
-30
Let a(r) = 35*r - 2. What is a(-1)?
-37
Let a(g) = g**3 + 8*g**2 + 3*g - 2. Determine a(-8).
-26
Let q(s) = -4*s - 18. Calculate q(-1).
-14
Let q(b) = -2*b - 7. What is q(2)?
-11
Let j(o) = 23*o - 330. What is j(14)?
-8
Let k(v) = v**2 + 21*v + 106. Give k(-13).
2
Let m(z) = -3*z - 17. Give m(-4).
-5
Let q(z) = -10*z**3 - 141*z**2 - 12*z + 13. Give q(-14).
-15
Let m(a) = -a**3 - 10*a**2 - 3*a - 17. Give m(-10).
13
Let x(r) = -r. Give x(-5).
5
Let h(o) = 6*o + 27. Give h(-12).
-45
Let i(a) = 40*a**2 - 36*a + 1. Calculate i(1).
5
Let c(v) = v**3 - 15*v**2 + 16*v - 18. Give c(14).
10
Let h(l) = 9*l**2 - 2*l - 2. What is h(-2)?
38
Let a(u) = 34*u + 1735. Give a(-51).
1
Let b(i) = i**3 - 13*i**2 - 39*i + 129. Calculate b(15).
-6
Let j(o) = o**3 + 8*o**2 + 9*o + 12. Calculate j(-7).
-2
Let v(w) = -13*w - 75. Give v(-6).
3
Let b(u) = -u**3 - 13*u**2 + u + 12. Calculate b(-13).
-1
Let j(n) = -3*n**3 + 5*n**2 + n - 1. Calculate j(-2).
41
Let g(l) = -2*l**3 + 16*l**2 - 1. Give g(7).
97
Let t(l) = 9*l - 7. What is t(3)?
20
Let j(v) = 2*v**2 - 2*v - 10. Calculate j(-3).
14
Let u(t) = 2*t**2 - 3*t - 1. Determine u(-2).
13
Let i(l) = -6*l + 22. What is i(7)?
-20
Let a(d) = -13*d - 198. What is a(-15)?
-3
Let h(r) = 3*r - 47. Determine h(-16).
-95
Let o(u) = -u**3 - 3*u**2 + 12*u + 14. What is o(-5)?
4
Let q(d) = d**3 - 13*d**2 + 6*d - 1. Give q(13).
77
Let b(g) = g**2 - 37*g - 159. Determine b(41).
5
Let q(t) = t**3 - 2*t**2 + t + 2. What is q(0)?
2
Let b(p) = 2*p + 20. Calculate b(-9).
2
Let u(p) = -p**2 - 11*p + 34. What is u(3)?
-8
Let y(p) = -6*p + 36. What is y(13)?
-42
Let p(x) = -2*x**2 - x + 3. Give p(-3).
-12
Let v(w) = w**3 + 5*w**2 + 4*w - 2. Calculate v(-4).
-2
Let v(o) = -11*o + 1. Determine v(-1).
12
Let d(n) = -2*n**3 + 14*n**2 + 5*n - 27. Determine d(7).
8
Let s(j) = j**3 + 8*j**2 + 13*j - 3. What is s(-6)?
-9
Let f(v) = v**3 + 12*v**2 - 25. Give f(-11).
96
Let i(n) = 2*n**3 - n**2 + n + 2. Calculate i(-1).
-2
Let b(w) = 6*w - 5. What is b(5)?
25
Let a(y) = -8*y - 34. What is a(-8)?
30
Let u(d) = 8*d**2 - 12*d + 1. Determine u(4).
81
Let q(g) = 6*g - 155. What is q(26)?
1
Let a(f) = -f + 2. What is a(2)?
0
Let o(y) = -y**3 - 2*y**2 + 3*y - 5. What is o(3)?
-41
Let g(f) = 2*f**2 + f + 2. What is g(-2)?
8
Let c(l) = l**3 - 11*l**2 + 2*l - 7. What is c(11)?
15
Let x(g) = -2*g**2 + 3*g + 14. Calculate x(0).
14
Let w(b) = 2*b**3 - 2*b**2 + 5*b - 4. Determine w(3).
47
Let y(r) = -r**3 - 20*r**2 + r + 14. Calculate y(-20).
-6
Let u(m) = m**3 + 3*m**2 + m + 3. Determine u(-3).
0
Let s(a) = -3*a**3 - 9*a**2 - 2*a + 2. What is s(-2)?
-6
Let u(j) = 2*j**2 + 18*j + 57. Calculate u(-4).
17
Let i(o) = -2*o + 23. Calculate i(11).
1
Let y(j) = 2*j**3 + 3*j**2 + 4*j + 36. Give y(-4).
-60
Let b(m) = 20*m - 158. Calculate b(8).
2
Let z(s) = -31*s + 565. Determine z(18).
7
Let d(c) = c**3 + 11*c**2 + 4*c - 37. Calculate d(-11).
-81
Let k(g) = g**3 + 13*g**2 - 2*g - 32. Give k(-13).
-6
Let i(s) = s**3 + 10*s**2 + 10*s - 7. Determine i(-8).
41
Let i(t) = -2*t**3 - 2*t**2 + 4*t + 2. What is i(-3)?
26
Let i(v) = -3*v**2 - 4*v + 18. Determine i(6).
-114
Let x(v) = -v**3 - 9*v**2 - 7*v + 7. Calculate x(-8).
-1
Let f(s) = 2*s**3 - 67*s**2 - 66*s + 2. Calculate f(-1).
-1
Let c(i) = -23*i - 10. Determine c(-1).
13
Let b(k) = -k**2 - 15*k + 21. Give b(-17).
-13
Let h(r) = 27*r**2 - 11*r - 12. Determine h(-1).
26
Let x(u) = u**3 - 14*u**2 + 21*u - 23. Calculate x(12).
-59
Let i(j) = -j**3 + 5*j**2 + 2*j + 6. What is i(4)?
30
Let h(j) = -j + 7. Give h(5).
2
Let d(n) = -2*n - 20. Calculate d(0).
-20
Let u(a) = a**3 - 6*a**2 - 4*a - 6. Determine u(5).
-51
Let t(q) = -31*q - 11. Determine t(-3).
82
Let b(r) = 2*r - 12. Give b(6).
0
Let r(o) = 3*o**2 + 4*o + 3. Determine r(-1).
2
Let l(y) = -y - 24. Calculate l(-10).
-14
Let m(b) = 7*b**2 + 9*b - 15. What is m(2)?
31
Let n(u) = -2*u - 4. Calculate n(24).
-52
Let p(y) = -5*y + 223. Give p(32).
63
Let x(g) = g**2 - 18. What is x(5)?
7
Let d(s) = s**3 - 8*s**2 - 11*s + 13. Give d(9).
-5
Let g(l) = l**2 - 17*l - 36. Determine g(-2).
2
Let o(w) = -w**2 - 13*w - 12. What is o(-9)?
24
Let o(p) = p**2 - 10*p - 13. Determine o(7).
-34
Let u(x) = -3*x + 18. Give u(2).
12
Let c(z) = -z + 16. Give c(8).
8
Let g(k) = -3*k**3 + 16*k**2 - 6*k - 3. What is g(5)?
-8
Let o(z) = z**3 + 3*z**2 - 19*z - 6. Calculate o(-6).
0
Let u(x) = -x**3 - 3*x**2 + x - 5. Calculate u(-5).
40
Let c(a) = 16*a - 21. Give c(6).
75
Let t(j) = -7*j + 34. Give t(5).
-1
Let i(w) = -4*w - 4. What is i(-3)?
8
Let a(z) = -z**3 + 7*z**2 - 6*z - 5. What is a(6)?
-5
Let c(x) = -x**2 + x + 41. Give c(0).
41
Let c(p) = -p**2 - 6*p + 79. Determine c(7).
-12
Let s(x) = x**2 - 11*x - 127. Determine s(18).
-1
Let k(w) = -w**3 - 2*w**2 + 8*w - 7. Give k(-4).
-7
Let k(b) = -b**3 + 11*b**2 - 23*b - 5. Determine k(8).
3
Let j(h) = -19*h - 2. Give j(-2).
36
Let u(l) = -l**3 - 10*l**2 - 3*l - 9. Determine u(-9).
-63
Let n(w) = w**3 - 32*w**2 - 35*w + 56. Give n(33).
-10
Let y(h) = -16*h + 1. Calculate y(1).
-15
Let y(j) = 4*j**2 + 143*j + 237. Determine y(-34).
-1
Let v(n) = -2*n**2 - 37*n + 123. Calculate v(-21).
18
Let d(p) = -2*p**3 + p**2 - 3*p + 3. Calculate d(-3).
75
Let z(p) = p**3 + 6*p**2 + 9*p + 18. What is z(-4)?
14
Let j(w) = w**2 + 5*w + 2. Give j(-4).
-2
Let x(v) = 2*v**2 + 17*v - 38. Give x(2).
4
Let n(x) = x**3 + 17*x**2 + 29*x - 10. Calculate n(-15).
5
Let z(o) = -5*o + 32. Determine z(5).
7
Let v(h) = -h**2 + 18*h - 19. Determine v(14).
37
Let r(v) = -19*v + 1. Give r(3).
-56
Let t(f) = -14*f + 5. Determine t(-2).
33
Let h(n) = -2*n + 24. Determine h(13).
-2
Let d(l) = l + 10. Determine d(-3).
7
Let p(f) = 20*f**2 + 2*f + 1. Determine p(-1).
19
Let b(q) = -2*q**2. Calculate b(-1).
-2
Let z(h) = h**2 + 4*h - 22. Give z(0).
-22
Let o(r) = -17*r + 104. What is o(6)?
2
Let m(k) = 2*k**2 - 7*k + 12. What is m(6)?
42
Let u(l) = -l**2 - 37*l - 109. Give u(-34).
-7
Let c(p) = 20*p - 170. Calculate c(11).
50
Let w(d) = 5*d + 28. What is w(-6)?
-2
Let o(r) = 3*r**3 + 40*r**2 + 12*r - 13. What is o(-13)?
0
Let p(z) = -z - 7. What is p(-11)?
4
Let o(j) = j**2 - 4*j - 1. Determine o(3).
-4
Let f(w) = -w**2 - 18*w + 269. Calculate f(10).
-11
Let n(j) = 12*j + 4. Calculate n(-1).
-8
Let q(i) = i**3 - 19*i**2 + 3. What is q(19)?
3
Let w(n) = -n**2 - 7*n. Calculate w(-6).
6
Let o(a) = -34*a + 814. Determine o(24).
-2
Let p(s) = -8*s + 251. Give p(31).
3
Let r(t) = -t**3 - 11*t**2 - 25*t + 14. Give r(-6).
-16
Let x(q) = -20*q + 107. Give x(5).
7
Let p(t) = 6*t**2 + 98*t + 21. Determine p(-16).
-11
Let q(f) = 11*f + 10. Give q(-2).
-12
Let y(f) = -9*f**3 + 37*f**2 + 5*f - 13. Give y(4).
23
Let q(d) = -2*d - 20. Determine q(-13).
6
Let x(y) = -y**3 - 8*y**2 + 2*y + 8. Give x(-8).
-8
Let t(v) = -13*v + 50. What is t(3)?
11
Let q(l) = -l**3 - 9*l**2 - 2*l - 7. Give q(-9).
11
Let j(s) = 47*s**2 + s - 2. Give j(1).
46
Let h(a) = 11*a + 29. Determine h(-8).
-59
Let r(u) = -u**3 + 2*u**2 - 54. What is r(0)?
-54
Let c(f) = f**3 + 18*f**2 + 2*f + 44. Give c(-18).
8
Let j(m) = 2*m**2 - 9*m + 7. What is j(6)?
25
Let f(q) = q - 8. Give f(13).
5
Let d(z) = 3*z**2 - 2*z + 1. Determine d(1).
2
Let h(a) = a**2 + a - 4. Give h(-4).
8
Let o(p) = p**2 - p - 6. Determine o(5).
14
Let x(u) = u**2 + 2*u - 2. Determine x(2).
6
Let d(g) = 8*g + 8. Calculate d(-2).
-8
Let t(w) = 2*w + 23. Give t(10).
43
Let w(p) = 2*p**2 - 34*p - 215. Determine w(-5).
5
Let r(t) = -5*t**2 + 87*t - 112. Determine r(16).
0
Let g(i) = -i**3 - 5*i**2 + 2*i + 14. What is g(-5)?
4
Let z(r) = r**3 + 12*r**2 + 10*r + 5. Give z(-11).
16
Let r(i) = -i**2 - 31*i - 5. Calculate r(-31).
-5
Let u(h) = -h - 7. Calculate u(3).
-10
Let h(b) = -2*b + 2. Give h(-3).
8
Let n(p) = 19*p - 2. What is n(-1)?
-21
Let b(x) = x**3 - 28*x**2 + 28*x - 3. What is b(27)?
24
Let r(o) = o**2 + 17*o + 29. What is r(-9)?
-43
Let n(q) = -2*q**2 + q - 132. What is n(0)?
-132
Let r(v) = -v**2 + 9*v + 186. Determine r(-10).
-4
Let n(t) = -3*t**2 + 13*t - 14. Determine n(8).
-102
Let n(a) = a**3 + 14*a**2 + 15*a - 3. What is n(-13)?
-29
Let r(h) = 2*h**3 - 15*h**2 - 5*h - 9. Give r(8).
15
Let v(d) = -37*d + 110. Calculate v(3).
-1
